{"id":44,"date":"2018-05-10T09:42:46","date_gmt":"2018-05-10T07:42:46","guid":{"rendered":"http:\/\/www.muellerkom.de\/website\/?page_id=44"},"modified":"2018-06-14T10:42:58","modified_gmt":"2018-06-14T08:42:58","slug":"leistungen","status":"publish","type":"page","link":"https:\/\/www.muellerkom.de\/website\/leistungen\/","title":{"rendered":"Leistungen"},"content":{"rendered":"<p><img loading=\"lazy\" decoding=\"async\" class=\"alignnone wp-image-281 size-large\" title=\"Content f\u00fcr Ihre PR\" src=\"http:\/\/www.muellerkom.de\/website\/wp-content\/uploads\/2018\/05\/be_v2_freelance-copywriter-working-on-his-silver-laptop-picjumbo-com-1024x683.jpg\" alt=\"\" width=\"525\" height=\"350\" srcset=\"https:\/\/www.muellerkom.de\/website\/wp-content\/uploads\/2018\/05\/be_v2_freelance-copywriter-working-on-his-silver-laptop-picjumbo-com-1024x683.jpg 1024w, https:\/\/www.muellerkom.de\/website\/wp-content\/uploads\/2018\/05\/be_v2_freelance-copywriter-working-on-his-silver-laptop-picjumbo-com-300x200.jpg 300w, https:\/\/www.muellerkom.de\/website\/wp-content\/uploads\/2018\/05\/be_v2_freelance-copywriter-working-on-his-silver-laptop-picjumbo-com-768x512.jpg 768w\" sizes=\"auto, (max-width: 525px) 100vw, 525px\" \/><\/p>\n<p><span style=\"color: #808080; font-size: 14pt;\">Wir liefern Web-Content, Pressemitteilungen, Newsletter, Mitglieder-Zeitschriften, wir beraten und schulen &#8230;<\/span><\/p>\n<p><strong>Klassische Pressearbeit: Unterst\u00fctzung<br \/>\nf\u00fcr Kliniken und Unternehmen, Innungen und Verb\u00e4nde<br \/>\n<\/strong>Regelm\u00e4\u00dfige Pressearbeit sorgt f\u00fcr Aufmerksamkeit in den Medien und informiert\u00a0 Gesch\u00e4ftspartner und Entscheider. Wir helfen Ihnen dabei und schreiben f\u00fcr Ihr Haus Pressemitteilungen und machen die passenden Fotos. Bei Pressekonferenzen helfen wir mit Statements und Positionspapieren. Gern \u00fcbernehmen wir in Ihrem Auftrag auch den Presseversand und den Kontakt zu Redaktionen.<\/p>\n<p><strong>Web-Content und Storytelling: News mit K\u00f6pfchen<br \/>\n<\/strong>Web-Content ist f\u00fcr uns mehr als nur aktuelles F\u00fcllmaterial f\u00fcr Ihre Website. Mit journalistischem Gesp\u00fcr helfen wir Ihnen, passgenau Ihre Unternehmens- oder Verbandsphilosophie in Nachrichten und Geschichten zu \u00fcbersetzen. Wir schreiben f\u00fcr Sie Berichte \u00fcber Ihre Events, Projekte, Personalia und Innovationen und bringen sie\u00a0 genau auf die richtige L\u00e4nge f\u00fcr Ihre Website, f\u00fcr Facebook, Twitter &amp; Co. Dazu gibt\u2019s auf Wunsch auch die passenden Fotos und Videos aus einer Hand.<\/p>\n<p><strong>Beratung: f\u00fcr gegenseitiges Verstehen<br \/>\n<\/strong>Unternehmen und Journalismus kommen oft nur schwer zusammen. Denn der enormen Themenvielfalt stehen meist \u00a0nur begrenzte Ressourcen in den Redaktionen gegen\u00fcber. Wir helfen dabei, dass beide Seiten sich verstehen und \u201e\u00fcbersetzen\u201c die Anliegen f\u00fcr ein erfolgreiches Miteinander.<\/p>\n<p><strong>Publikationen: Brosch\u00fcren, Prospekte, Flyer, Mitarbeiter-Publikationen<br \/>\n<\/strong>Druckprodukte sind klassische Mittel zur langfristigen und vertiefenden Information. F\u00fcr uns sind sie ein wichtiges Kommunikationsmittel, das wir gern f\u00fcr Sie schreiben und gestalten \u2013 vom einfachen Flyer bis zur Veranstaltungsdokumentation. Fragen Sie uns auch nach Mitarbeiter-Publikationen, Newslettern oder E-Papern mit den M\u00f6glichkeiten, Web-Content, Pressearbeit und eigene Publikationen zu verbinden.<\/p>\n","protected":false},"excerpt":{"rendered":"<div class=\"entry-summary\">\n<div class=\"entry-summary\">\nWir liefern Web-Content, Pressemitteilungen, Newsletter, Mitglieder-Zeitschriften, wir beraten und schulen &#8230; Klassische Pressearbeit: Unterst\u00fctzung f\u00fcr Kliniken und Unternehmen, Innungen und Verb\u00e4nde Regelm\u00e4\u00dfige Pressearbeit sorgt f\u00fcr Aufmerksamkeit in den Medien und informiert\u00a0 Gesch\u00e4ftspartner und Entscheider. Wir helfen Ihnen dabei und schreiben&hellip;\n<\/div>\n<div class=\"link-more\"><a href=\"https:\/\/www.muellerkom.de\/website\/leistungen\/\" class=\"more-link\"><span class=\"screen-reader-text\"> &ldquo;Leistungen&rdquo;<\/span> weiterlesen\u00a0&hellip;<\/a><\/div>\n<\/div>\n<div class=\"link-more\"><a href=\"https:\/\/www.muellerkom.de\/website\/leistungen\/\" class=\"more-link\"><span class=\"screen-reader-text\"> &ldquo;Leistungen&rdquo;<\/span> weiterlesen\u00a0&hellip;<\/a><\/div>\n","protected":false},"author":1,"featured_media":0,"parent":0,"menu_order":0,"comment_status":"closed","ping_status":"closed","template":"","meta":{"_acf_changed":false,"footnotes":""},"class_list":["post-44","page","type-page","status-publish","hentry","entry"],"acf":[],"yoast_head":"<!-- This site is optimized with the Yoast SEO plugin v25.9 - https:\/\/yoast.com\/wordpress\/plugins\/seo\/ -->\n<title>Leistungen - m\u00fcller:kommunikation<\/title>\n<meta name=\"robots\" content=\"index, follow, max-snippet:-1, max-image-preview:large, max-video-preview:-1\" \/>\n<link rel=\"canonical\" href=\"https:\/\/www.muellerkom.de\/website\/leistungen\/\" \/>\n<meta property=\"og:locale\" content=\"de_DE\" \/>\n<meta property=\"og:type\" content=\"article\" \/>\n<meta property=\"og:title\" content=\"Leistungen - m\u00fcller:kommunikation\" \/>\n<meta property=\"og:description\" content=\"Wir liefern Web-Content, Pressemitteilungen, Newsletter, Mitglieder-Zeitschriften, wir beraten und schulen &#8230; Klassische Pressearbeit: Unterst\u00fctzung f\u00fcr Kliniken und Unternehmen, Innungen und Verb\u00e4nde Regelm\u00e4\u00dfige Pressearbeit sorgt f\u00fcr Aufmerksamkeit in den Medien und informiert\u00a0 Gesch\u00e4ftspartner und Entscheider. Wir helfen Ihnen dabei und schreiben&hellip; &ldquo;Leistungen&rdquo; weiterlesen\u00a0&hellip;\" \/>\n<meta property=\"og:url\" content=\"https:\/\/www.muellerkom.de\/website\/leistungen\/\" \/>\n<meta property=\"og:site_name\" content=\"m\u00fcller:kommunikation\" \/>\n<meta property=\"article:modified_time\" content=\"2018-06-14T08:42:58+00:00\" \/>\n<meta property=\"og:image\" content=\"http:\/\/www.muellerkom.de\/website\/wp-content\/uploads\/2018\/05\/be_v2_freelance-copywriter-working-on-his-silver-laptop-picjumbo-com-1024x683.jpg\" \/>\n<meta name=\"twitter:card\" content=\"summary_large_image\" \/>\n<meta name=\"twitter:label1\" content=\"Gesch\u00e4tzte Lesezeit\" \/>\n\t<meta name=\"twitter:data1\" content=\"1\u00a0Minute\" \/>\n<script type=\"application\/ld+json\" class=\"yoast-schema-graph\">{\"@context\":\"https:\/\/schema.org\",\"@graph\":[{\"@type\":\"WebPage\",\"@id\":\"https:\/\/www.muellerkom.de\/website\/leistungen\/\",\"url\":\"https:\/\/www.muellerkom.de\/website\/leistungen\/\",\"name\":\"Leistungen - m\u00fcller:kommunikation\",\"isPartOf\":{\"@id\":\"https:\/\/www.muellerkom.de\/website\/#website\"},\"primaryImageOfPage\":{\"@id\":\"https:\/\/www.muellerkom.de\/website\/leistungen\/#primaryimage\"},\"image\":{\"@id\":\"https:\/\/www.muellerkom.de\/website\/leistungen\/#primaryimage\"},\"thumbnailUrl\":\"http:\/\/www.muellerkom.de\/website\/wp-content\/uploads\/2018\/05\/be_v2_freelance-copywriter-working-on-his-silver-laptop-picjumbo-com-1024x683.jpg\",\"datePublished\":\"2018-05-10T07:42:46+00:00\",\"dateModified\":\"2018-06-14T08:42:58+00:00\",\"breadcrumb\":{\"@id\":\"https:\/\/www.muellerkom.de\/website\/leistungen\/#breadcrumb\"},\"inLanguage\":\"de\",\"potentialAction\":[{\"@type\":\"ReadAction\",\"target\":[\"https:\/\/www.muellerkom.de\/website\/leistungen\/\"]}]},{\"@type\":\"ImageObject\",\"inLanguage\":\"de\",\"@id\":\"https:\/\/www.muellerkom.de\/website\/leistungen\/#primaryimage\",\"url\":\"https:\/\/www.muellerkom.de\/website\/wp-content\/uploads\/2018\/05\/be_v2_freelance-copywriter-working-on-his-silver-laptop-picjumbo-com.jpg\",\"contentUrl\":\"https:\/\/www.muellerkom.de\/website\/wp-content\/uploads\/2018\/05\/be_v2_freelance-copywriter-working-on-his-silver-laptop-picjumbo-com.jpg\",\"width\":5000,\"height\":3333},{\"@type\":\"BreadcrumbList\",\"@id\":\"https:\/\/www.muellerkom.de\/website\/leistungen\/#breadcrumb\",\"itemListElement\":[{\"@type\":\"ListItem\",\"position\":1,\"name\":\"Startseite\",\"item\":\"https:\/\/www.muellerkom.de\/website\/\"},{\"@type\":\"ListItem\",\"position\":2,\"name\":\"Leistungen\"}]},{\"@type\":\"WebSite\",\"@id\":\"https:\/\/www.muellerkom.de\/website\/#website\",\"url\":\"https:\/\/www.muellerkom.de\/website\/\",\"name\":\"Wir sind die Experten\",\"description\":\"m\u00fcller:kommunikation\",\"publisher\":{\"@id\":\"https:\/\/www.muellerkom.de\/website\/#organization\"},\"potentialAction\":[{\"@type\":\"SearchAction\",\"target\":{\"@type\":\"EntryPoint\",\"urlTemplate\":\"https:\/\/www.muellerkom.de\/website\/?s={search_term_string}\"},\"query-input\":{\"@type\":\"PropertyValueSpecification\",\"valueRequired\":true,\"valueName\":\"search_term_string\"}}],\"inLanguage\":\"de\"},{\"@type\":\"Organization\",\"@id\":\"https:\/\/www.muellerkom.de\/website\/#organization\",\"name\":\"m\u00fcller:kommunikation\",\"url\":\"https:\/\/www.muellerkom.de\/website\/\",\"logo\":{\"@type\":\"ImageObject\",\"inLanguage\":\"de\",\"@id\":\"https:\/\/www.muellerkom.de\/website\/#\/schema\/logo\/image\/\",\"url\":\"https:\/\/www.muellerkom.de\/website\/wp-content\/uploads\/2018\/05\/logo_muellerkom_transparent.png\",\"contentUrl\":\"https:\/\/www.muellerkom.de\/website\/wp-content\/uploads\/2018\/05\/logo_muellerkom_transparent.png\",\"width\":544,\"height\":62,\"caption\":\"m\u00fcller:kommunikation\"},\"image\":{\"@id\":\"https:\/\/www.muellerkom.de\/website\/#\/schema\/logo\/image\/\"}}]}<\/script>\n<!-- \/ Yoast SEO plugin. -->","yoast_head_json":{"title":"Leistungen - m\u00fcller:kommunikation","robots":{"index":"index","follow":"follow","max-snippet":"max-snippet:-1","max-image-preview":"max-image-preview:large","max-video-preview":"max-video-preview:-1"},"canonical":"https:\/\/www.muellerkom.de\/website\/leistungen\/","og_locale":"de_DE","og_type":"article","og_title":"Leistungen - m\u00fcller:kommunikation","og_description":"Wir liefern Web-Content, Pressemitteilungen, Newsletter, Mitglieder-Zeitschriften, wir beraten und schulen &#8230; Klassische Pressearbeit: Unterst\u00fctzung f\u00fcr Kliniken und Unternehmen, Innungen und Verb\u00e4nde Regelm\u00e4\u00dfige Pressearbeit sorgt f\u00fcr Aufmerksamkeit in den Medien und informiert\u00a0 Gesch\u00e4ftspartner und Entscheider. Wir helfen Ihnen dabei und schreiben&hellip; &ldquo;Leistungen&rdquo; weiterlesen\u00a0&hellip;","og_url":"https:\/\/www.muellerkom.de\/website\/leistungen\/","og_site_name":"m\u00fcller:kommunikation","article_modified_time":"2018-06-14T08:42:58+00:00","og_image":[{"url":"http:\/\/www.muellerkom.de\/website\/wp-content\/uploads\/2018\/05\/be_v2_freelance-copywriter-working-on-his-silver-laptop-picjumbo-com-1024x683.jpg","type":"","width":"","height":""}],"twitter_card":"summary_large_image","twitter_misc":{"Gesch\u00e4tzte Lesezeit":"1\u00a0Minute"},"schema":{"@context":"https:\/\/schema.org","@graph":[{"@type":"WebPage","@id":"https:\/\/www.muellerkom.de\/website\/leistungen\/","url":"https:\/\/www.muellerkom.de\/website\/leistungen\/","name":"Leistungen - m\u00fcller:kommunikation","isPartOf":{"@id":"https:\/\/www.muellerkom.de\/website\/#website"},"primaryImageOfPage":{"@id":"https:\/\/www.muellerkom.de\/website\/leistungen\/#primaryimage"},"image":{"@id":"https:\/\/www.muellerkom.de\/website\/leistungen\/#primaryimage"},"thumbnailUrl":"http:\/\/www.muellerkom.de\/website\/wp-content\/uploads\/2018\/05\/be_v2_freelance-copywriter-working-on-his-silver-laptop-picjumbo-com-1024x683.jpg","datePublished":"2018-05-10T07:42:46+00:00","dateModified":"2018-06-14T08:42:58+00:00","breadcrumb":{"@id":"https:\/\/www.muellerkom.de\/website\/leistungen\/#breadcrumb"},"inLanguage":"de","potentialAction":[{"@type":"ReadAction","target":["https:\/\/www.muellerkom.de\/website\/leistungen\/"]}]},{"@type":"ImageObject","inLanguage":"de","@id":"https:\/\/www.muellerkom.de\/website\/leistungen\/#primaryimage","url":"https:\/\/www.muellerkom.de\/website\/wp-content\/uploads\/2018\/05\/be_v2_freelance-copywriter-working-on-his-silver-laptop-picjumbo-com.jpg","contentUrl":"https:\/\/www.muellerkom.de\/website\/wp-content\/uploads\/2018\/05\/be_v2_freelance-copywriter-working-on-his-silver-laptop-picjumbo-com.jpg","width":5000,"height":3333},{"@type":"BreadcrumbList","@id":"https:\/\/www.muellerkom.de\/website\/leistungen\/#breadcrumb","itemListElement":[{"@type":"ListItem","position":1,"name":"Startseite","item":"https:\/\/www.muellerkom.de\/website\/"},{"@type":"ListItem","position":2,"name":"Leistungen"}]},{"@type":"WebSite","@id":"https:\/\/www.muellerkom.de\/website\/#website","url":"https:\/\/www.muellerkom.de\/website\/","name":"Wir sind die Experten","description":"m\u00fcller:kommunikation","publisher":{"@id":"https:\/\/www.muellerkom.de\/website\/#organization"},"potentialAction":[{"@type":"SearchAction","target":{"@type":"EntryPoint","urlTemplate":"https:\/\/www.muellerkom.de\/website\/?s={search_term_string}"},"query-input":{"@type":"PropertyValueSpecification","valueRequired":true,"valueName":"search_term_string"}}],"inLanguage":"de"},{"@type":"Organization","@id":"https:\/\/www.muellerkom.de\/website\/#organization","name":"m\u00fcller:kommunikation","url":"https:\/\/www.muellerkom.de\/website\/","logo":{"@type":"ImageObject","inLanguage":"de","@id":"https:\/\/www.muellerkom.de\/website\/#\/schema\/logo\/image\/","url":"https:\/\/www.muellerkom.de\/website\/wp-content\/uploads\/2018\/05\/logo_muellerkom_transparent.png","contentUrl":"https:\/\/www.muellerkom.de\/website\/wp-content\/uploads\/2018\/05\/logo_muellerkom_transparent.png","width":544,"height":62,"caption":"m\u00fcller:kommunikation"},"image":{"@id":"https:\/\/www.muellerkom.de\/website\/#\/schema\/logo\/image\/"}}]}},"_links":{"self":[{"href":"https:\/\/www.muellerkom.de\/website\/wp-json\/wp\/v2\/pages\/44","targetHints":{"allow":["GET"]}}],"collection":[{"href":"https:\/\/www.muellerkom.de\/website\/wp-json\/wp\/v2\/pages"}],"about":[{"href":"https:\/\/www.muellerkom.de\/website\/wp-json\/wp\/v2\/types\/page"}],"author":[{"embeddable":true,"href":"https:\/\/www.muellerkom.de\/website\/wp-json\/wp\/v2\/users\/1"}],"replies":[{"embeddable":true,"href":"https:\/\/www.muellerkom.de\/website\/wp-json\/wp\/v2\/comments?post=44"}],"version-history":[{"count":24,"href":"https:\/\/www.muellerkom.de\/website\/wp-json\/wp\/v2\/pages\/44\/revisions"}],"predecessor-version":[{"id":358,"href":"https:\/\/www.muellerkom.de\/website\/wp-json\/wp\/v2\/pages\/44\/revisions\/358"}],"wp:attachment":[{"href":"https:\/\/www.muellerkom.de\/website\/wp-json\/wp\/v2\/media?parent=44"}],"curies":[{"name":"wp","href":"https:\/\/api.w.org\/{rel}","templated":true}]}}